
62516
In base 11, what is 2098 - -29a4?
4a91
In base 6, what is -53301 + -122150?
-215451
In base 7, what is 26200205 + -2?
26200203
In base 10, what is 0 - 5668324?
-5668324
In base 11, what is -739a3 + -10a4?
-74a97
In base 14, what is -b9286 - -1c?
-b9268
In base 4, what is -30310021110 - 22?
-30310021132
In base 10, what is -74 - -5392367?
5392293
In base 14, what is 10db50 + -ad?
10da81
In base 2, what is 0 + 10000010001011000010100111?
10000010001011000010100111
In base 13, what is 6 - 1136946?
-1136940
In base 7, what is 366641422 - 3?
366641416
In base 12, what is -1892012 + -3?
-1892015
In base 4, what is -112010 + -11222?
-123232
In base 14, what is -189b + -21d1?
-3a8c
In base 6, what is 2 + -253414334?
-253414332
In base 16, what is 5 - 1c40b3?
-1c40ae
In base 9, what is 3336 + -2042?
1284
In base 13, what is -12a17b - -5b8?
-129893
In base 8, what is -170 - 3005152?
-3005342
In base 15, what is 31ed2 + 2527?
34509
In base 14, what is 267bb9 + 15?
267bd0
In base 13, what is -22a3 + -b27?
-30ca
In base 10, what is 213 - 135643?
-135430
In base 6, what is 14 + 205241211?
205241225
In base 9, what is 0 + -45214813?
-45214813
In base 2, what is 1010101111000101110111000 + -1?
1010101111000101110110111
In base 4, what is 12122023213 + 100?
12122023313
In base 3, what is 11 + -20022220212112?
-20022220212101
In base 11, what is 1149a67 - -66?
114a022
In base 8, what is -236703 - -35?
-236646
In base 7, what is 2014446043 - 1?
2014446042
In base 8, what is 3 - 200272073?
-200272070
In base 4, what is 12 + 11231203012?
11231203030
In base 15, what is -11906e16 + -1?
-11906e17
In base 11, what is -905a6 - 5a?
-90655
In base 12, what is 3 - 4467b2a?
-4467b27
In base 15, what is -1 + 1846c3d5?
1846c3d4
In base 12, what is -4660b44 - 4?
-4660b48
In base 3, what is 201 - -1010222220?
1011000121
In base 8, what is -4 + -35605766?
-35605772
In base 2, what is -1010011111110100 - 110100000011?
-1011010011110111
In base 4, what is 1132321111 - 111320?
1132203131
In base 12, what is -2247142 + 2?
-2247140
In base 11, what is 124a6 + 448?
12943
In base 7, what is 11 - 140512431?
-140512420
In base 3, what is 2111221122 - 221?
2111220201
In base 8, what is 37040 - 4252?
32566
In base 7, what is -240255 + 3225?
-234030
In base 4, what is -2 + -111203131300?
-111203131302
In base 2, what is 1011001111011100011110 - -1011000?
1011001111011101110110
In base 11, what is 5 - 105096a6?
-105096a1
In base 10, what is -125232 + -286?
-125518
In base 15, what is 14 + 10607?
1061b
In base 5, what is 0 - 24001020402?
-24001020402
In base 3, what is -111 + 121012122201?
121012122020
In base 7, what is -4 + -1346230310?
-1346230314
In base 4, what is 3322221133 + 102?
3322221301
In base 6, what is -10 - 5214410?
-5214420
In base 4, what is -21233022 - 12022?
-21311110
In base 7, what is -3251 + 514640?
511356
In base 12, what is -495 + -30715?
-30baa
In base 8, what is 116 + -116272?
-116154
In base 7, what is -35502 + -661535?
-1030340
In base 16, what is -46a + -c226?
-c690
In base 6, what is 0 + -215200421?
-215200421
In base 2, what is -11001000000101110000 - -11?
-11001000000101101101
In base 16, what is -1a673ad + -1?
-1a673ae
In base 14, what is -6 - 637526?
-63752c
In base 5, what is -3112333 + 2403?
-3104430
In base 14, what is 3466a - c?
3465c
In base 6, what is -22010521201 - -4?
-22010521153
In base 2, what is 101101100000 - -100001011010001?
100111000110001
In base 14, what is 9ccb76 + 6?
9ccb7c
In base 11, what is -17908 + 279?
-1763a
In base 15, what is -4a6137a + 0?
-4a6137a
In base 5, what is 1344220232032 + 3?
1344220232040
In base 3, what is -10 + 1202222112112?
1202222112102
In base 14, what is -2b969b - d?
-2b96aa
In base 11, what is -89 + 482458?
48237a
In base 9, what is 57322 + 631?
58053
In base 14, what is -3 + -61d7d9b?
-61d7da0
In base 14, what is 5 + 921b6c2?
921b6c7
In base 11, what is 565 - 84476?
-83a11
In base 7, what is -3120061464 - 1?
-3120061465
In base 11, what is 67 - 20207a?
-202013
In base 9, what is -1013 + -27543?
-28556
In base 7, what is -32 - -30324264?
30324232
In base 5, what is 4 - 4220022040?
-4220022031
In base 4, what is -2 + -1022323212?
-1022323220
In base 6, what is -5 - 2000215?
-2000224
In base 14, what is 5 - 54b104?
-54b0dd
In base 16, what is -4 - -3a0223?
3a021f
In base 13, what is -13b1c746 - -12?
-13b1c734
In base 15, what is 5 - 367460?
-36745a
In base 3, what is 1100202 + 201201221?
210002200
In base 10, what is 6 + 22414039?
22414045
In base 11, what is 7013a7a - -34?
7014003
In base 4, what is -1 + -3210001110320?
-3210001110321
In base 4, what is 13 + 3010002231?
3010002310
In base 16, what is -3 - fadcf52?
-fadcf55
In base 10, what is -1134132 + 4?
-1134128
In base 11, what is -313259 - 22?
-313280
In base 15, what is 2b341 + 4?
2b345
In base 8, what is -530147 - 10453?
-540622
In base 3, what is -10212 + 1011001212022?
1011001201110
In base 14, what is -3 - -41abc53?
41abc50
In base 14, what is -22 + -5a78c?
-5a7b0
In base 16, what is -378 + -b6f86?
-b72fe
In base 2, what is 110111001000111 + -110110011?
110110010010100
In base 6, what is -20 + 224130240?
224130220
In base 7, what is -104350325 + 30?
-104350265
In base 11, what is 3 - 3978713?
-3978710
In base 10, what is 6 + -194577?
-194571
In base 3, what is 2 + -12102022110122?
-12102022110120
In base 16, what is -27e + -11ef2?
-12170
In base 10, what is 52845282 - -5?
52845287
In base 9, what is -3343 - -230035?
225582
In base 10, what is -5 + 6796692?
6796687
In base 5, what is 3 - -1041312214?
1041312222
In base 6, what is -114 + -2401424?
-2401542
In base 5, what is -32304 - -23112132?
23024323
In base 14, what is 15469a + 14?
1546b0
In base 10, what is -5 + -30381100?
-30381105
In base 3, what is -122 + 10110102110?
10110101211
In base 11, what is 1544 - 3753?
-220a
In base 2, what is -11100011 + 1101110000000011?
1101101100100000
In base 16, what is 3a34272 + -2?
3a34270
In base 12, what is -32b03 + 4?
-32abb
In base 3, what is 2022021 + 1100002200?
1102101221
In base 13, what is 7c70 + -14a2?
679b
In base 7, what is -5624301364 + 4?
-5624301360
In base 10, what is 2504966 + -6?
2504960
In base 10, what is 76 - 129060?
-128984
In base 4, what is 1213312310133 - 1?
1213312310132
In base 10, what is 46 - 370506?
-370460
In base 12, what is -157 - 80b69?
-81104
In base 4, what is -13331330233301 - 10?
-13331330233311
In base 10, what is 5 - -1403733?
1403738
In base 9, what is 4 + -734564?
-734560
In base 8, what is 5057 + -11677?
-4620
In base 6, what is -2024 + 343344?
341320
In base 8, what is -4 - 700120031?
-700120035
In base 12, what is 75040 - -103?
75143
In base 9, what is -73 - -416276?
416203
In base 14, what is 2952 + -433?
251d
In base 14, what is -4 + -2302137?
-230213b
In base 13, what is 0 + -1658464?
-1658464
In base 13, what is -a0 - 633c9?
-63499
In base 8, what is -415 - -211255?
210640
In base 12, what is 3a - ba57?
-ba19
In base 7, what is -12 + 43123421?
43123406
In base 12, what is 5 + 2b89a716?
2b89a71b
In base 5, what is 20211 - 2112?
13044
In base 8, what is 0 - -6705136?
6705136
In base 2, what is -1101001010010111111001 - 100101001?
-1101001010011100100010
In base 3, what is -10211002201 + -21121120?
-11002201021
In base 13, what is -2750768 + -12?
-275077a
In base 9, what is 425 - 624272?
-623746
In base 6, what is 2 + 213421103?
213421105
In base 12, what is -2b - 10b7ba2?
-10b8011
In base 11, what is -1499a + -68?
-14a57
In base 2, what is 1111110111111000010001000100 - -11?
1111110111111000010001000111
In base 14, what is 0 - -293882b?
293882b
In base 4, what is 12 - -22122333220?
22122333232
In base 13, what is 508 - 9515?
-900a
In base 9, what is 13 + 415132?
415145
In base 16, what is -a47 - -4e06?
43bf
In base 12, what is -10a6b1 - 101?
-10a7b2
In base 6, what is -20233324255 + 12?
-20233324243
In base 4, what is -12 - 21022210101?
-21022210113
In base 2, what is 1 + -1011101000000111010110?
-1011101000000111010101
In base 2, what is 1000 + -100111100011001110110?
-100111100011001101110
In base 12, what is 644313a - 13?
6443127
In base 5, what is -12013443 + -203?
-12014201
In base 6, what is 1150221101 + 0?
1150221101
In base 16, what is -599 + -583d?
-5dd6
In base 14, what is 25 + -18700?
-186b9
I